
17
Suppose 2*z + 5*m - 35033 = 0, -4*z - 2*m + 763 = -69327. What is the greatest common divisor of z and 52?
52
Let l(f) = 4*f - 20. Let c be l(11). Let p be (c/7)/(11/231). Let n = -18 + p. What is the highest common factor of 6 and n?
6
Let z = 10184 + -8000. What is the greatest common factor of z and 1872?
312
Suppose 0 = -6*q - 0*q + 1212. Let w = q - 178. What is the greatest common factor of 3 and w?
3
Let x(p) = p**3 - p**2 - 7*p + 92. Let k be (-4)/14 + ((-160)/(-56))/10. Let w be x(k). What is the highest common divisor of w and 4?
4
Let o = -14 - -22. Suppose -2*v = -2*c + 2*v, -5*c - v + 22 = 0. Suppose 0 = -w - c*w + 40. Calculate the greatest common factor of w and o.
8
Let m(k) = 2*k**2 + 22*k - 18. Let z be m(-12). Suppose -z*w + 10*w = 136. Calculate the highest common factor of w and 17.
17
Suppose 0 = -14*z + 796 - 382 + 482. Calculate the highest common divisor of 1632 and z.
32
Suppose 29*v + 5*t = 24*v - 10, 13 = v - 2*t. Let h be (-5 + v)/(4/(-34)). Calculate the greatest common factor of h and 2.
1
Let c = -6 - 11. Let a(o) = -26664*o - 9 - 7 - 41 - 26664*o + 53324*o. Let g be a(c). Calculate the highest common factor of 22 and g.
11
Let p be (-140)/3*(-120)/(-32)*-2. Let d = p + -296. What is the highest common factor of d and 702?
54
Suppose 0 = -12*c + 79 - 271. Let d = 17 + c. Let b be 79/7 - 66/231. What is the highest common divisor of d and b?
1
Suppose 470 = -6*g + 500. Suppose 0 = g*q + 2*t - 877, 13*q - 11*q - 351 = -t. Calculate the greatest common factor of q and 70.
35
Suppose 10*f - 1566 + 596 = 0. Suppose -h = 5*z - 482, 5*z + h + 3*h - 473 = 0. Calculate the greatest common divisor of f and z.
97
Let y(d) = -d**3 + d**2 - 9*d - 3. Let u be y(-5). Let g(l) = -l**3 + 7*l**2 - 9*l. Let c be g(4). Calculate the greatest common divisor of c and u.
12
Let m(g) = -11*g - 18. Let o be m(5). Let z = -75 - o. Let h be 165 - (z/11 + (-385)/(-121)). What is the highest common factor of h and 27?
27
Let o(k) = 12*k**2 + 4*k + 6. Let a be o(-4). Let c = -14 - -57. Suppose -11*v = -100 - c. What is the greatest common factor of v and a?
13
Suppose 2*d - 1193 - 6537 - 4280 = 0. Calculate the greatest common divisor of 5 and d.
5
Suppose -116*i = -106*i + 1090. Let u = 125 + i. What is the highest common factor of 12 and u?
4
Suppose -p = 3*p, 5*r - 4*p = 80. Let c = 288 + r. Calculate the highest common factor of c and 16.
16
Suppose 13*b - 6*b + 3149 = 74*b. Calculate the highest common factor of 2773 and b.
47
Let j be 45 + -37 + (3 - 1). Suppose j*p + 3*p = 936. Let b = 28 + -10. What is the highest common factor of b and p?
18
Let v(o) = -4*o**2 + 45*o - 104. Let q be v(6). What is the highest common divisor of 1155 and q?
11
Let a = -1021 + 2561. Suppose 36*t - a = 29*t. Calculate the highest common factor of t and 22.
22
Let m(j) = -2946*j - 5361. Let r be m(-2). Calculate the greatest common factor of 234 and r.
9
Suppose -86*h - 2*d - 63632 = -89*h, -4*h - 2*d = -84810. What is the greatest common divisor of h and 46?
46
Suppose 4*y + 164 = -4*l, l + 0*y + 5*y = -29. Let f = l + 45. Calculate the greatest common factor of 7 and f.
1
Let k(m) = -9*m + 82. Let x be k(8). Let r = x + 35. Calculate the highest common factor of r and 495.
45
Let t be (128/(-20))/((-24)/(-60)). Let g be 5679/6 + 8/t. Calculate the highest common factor of 86 and g.
86
Let r be 8*2 - (10 + -8). Suppose 4*c = 26 + r. Suppose 4*w - 40 = -2*i + 156, -2*i + 5*w + 160 = 0. Calculate the greatest common factor of c and i.
10
Let h = -171 - -168. Let f(w) be the first derivative of -w**4/4 + 4*w**3/3 - w**2/2 - 6*w + 6. Let r be f(h). What is the highest common factor of r and 5?
5
Let f be (3/(-1) + 2)*64/((-832)/117). What is the highest common factor of 7569 and f?
9
Suppose -3*b - 860 - 376 = 4*i, -4*i - 1264 = -4*b. Let y = 323 + i. Let v be ((-220)/(-6))/(10/15). What is the highest common divisor of y and v?
11
Let x be 16/(-16)*10*-14*2/4. What is the greatest common factor of 20755 and x?
35
Suppose -5*j = -5*h + 1025, 0 = -4*j + 6 + 10. Let f = 230 - h. What is the highest common factor of 3 and f?
3
Suppose 9 = 69*v - 66*v. Let t be (-143)/3 - (-2)/v. Let r = t + 81. What is the greatest common factor of 34 and r?
34
Suppose -37*g = -36*g - 33. Suppose -6*c + 488 + 304 = 0. Calculate the highest common factor of c and g.
33
Suppose -389*t + 385*t = -400. What is the greatest common divisor of t and 108?
4
Let k(c) = c**3 - 9*c**2 - 3*c - 2. Let o be k(8). Let i = -46 - o. Calculate the highest common factor of 44 and i.
44
Suppose 9*d - 228 = -12. Let l = d + 18. Suppose 3*m - 504 = -2*r + r, -m + 168 = -4*r. Calculate the highest common divisor of l and m.
42
Let r be (0 + 2 + 660)/2. Let q = -254 + r. What is the highest common factor of 14 and q?
7
Let z be 42/(2/12*2). Suppose 5*m - 3*g - 82 = 0, -2*m - 5*g + 33 = -6*g. Suppose -m*k + 188 = -50. What is the highest common divisor of z and k?
14
Let q = -6410 + 7620. What is the greatest common divisor of 20 and q?
10
Suppose -u - 2*p + 739 = 708, 2*p = -2*u + 66. Calculate the highest common factor of u and 365.
5
Let t = 77 - -78. Suppose -4*g = 4*l - 140, 2*g + 26 = 4*l + 72. Calculate the highest common factor of t and g.
31
Suppose 183*r + 89*r = 26112. Let x(u) = 4*u + 5. Let d be x(5). Suppose -5*g + 145 = d. Calculate the highest common factor of r and g.
24
Let h = 56 - 40. Let z = 16 - h. Suppose z = 2*y + 109 - 121. Calculate the greatest common divisor of 12 and y.
6
Suppose 2*s = 2*t - 15 + 1, 5*t + 3*s = 3. Suppose 4*z - 2*y - 86 = 0, -7*y + 8*y + t = 0. What is the greatest common divisor of z and 110?
10
Let b = 211 - 121. Let p(k) = -k - 713 + 369 - k**2 + 418. Let v be p(-8). Calculate the highest common factor of b and v.
18
Let n = 165 + -26. Suppose 2*q = 5*c + 333, -q + 35 = -4*c - n. What is the highest common factor of q and 42?
14
Let a = -111 - -124. Let m(c) = 32*c - 155. Let w be m(a). What is the greatest common divisor of w and 174?
87
Let z = 13066 + -13061. Let i(p) = -p**2 - 5*p + 2. Let u be i(-5). Suppose -32 = -f + o, 86 = -f + 4*f + u*o. Calculate the highest common factor of z and f.
5
Let p(t) = -t**3 - 7*t**2 - 4*t - 6. Let g be p(-8). Let l = -1624 + 1684. What is the greatest common divisor of l and g?
30
Suppose 28*o = 275 + 1825. What is the highest common factor of o and 3?
3
Let m(i) = i**2 - 33*i - 272. Let t be m(-7). Let a be (-14)/t - 165/(-44). Calculate the highest common divisor of 38 and a.
2
Suppose -3*w - 86*j + 3810 = -89*j, 0 = -3*w - 4*j + 3852. What is the highest common factor of 44 and w?
44
Let j = -58 - -52. Let y be (8/j)/((-41)/738). Calculate the greatest common divisor of 60 and y.
12
Let s be ((-36450)/105)/(60/(-280)). What is the greatest common divisor of 195 and s?
15
Suppose 4*y = -7275*x + 7279*x - 1036, 0 = x - 5*y - 255. Let q(i) = -53*i - 2. Let a be q(-2). What is the greatest common divisor of a and x?
52
Suppose 0 = -u + 18 + 36. Suppose 6 = 50*b - 49*b. Let y(r) = -r**3 + 7*r**2 - 4*r - 6. Let f be y(b). What is the greatest common factor of u and f?
6
Let q be 183876/10 + (2 + (-130)/25)/2. Calculate the highest common factor of q and 116.
58
Suppose g = 2*v - 9, -5*g - 4 = v - 3. Let p be 0 - (5 - 8) - (g + -172). What is the greatest common divisor of 16 and p?
16
Let l(g) = -24*g + 865. Let w be l(16). What is the greatest common divisor of w and 148?
37
Suppose 11*y = -4*y + 2160. Let k(m) = m - 4. Let i be k(6). Suppose 5*f - 2*f = -15, -5*d + i*f + 90 = 0. Calculate the highest common divisor of d and y.
16
Suppose 32 = 4*o + 8. Let p(f) = -f**2 + 5*f - 8. Let k be p(o). Let h be (-7)/k + (-2)/(4/(-13)). Calculate the highest common divisor of h and 77.
7
Let l = -119 - -127. Let j(u) = u**3 - 8*u**2 + 3*u - 20. Let y be j(l). Suppose x + 1 - 2 = 0, -y*c + 93 = 5*x. What is the greatest common divisor of c and 2?
2
Let s = 98 + -104. Let r be (s/4)/((-3)/120). Calculate the highest common divisor of 72 and r.
12
Let a = 12665 + -7003. What is the greatest common factor of a and 38?
38
Let y be (0/(-15))/3 + 664. Calculate the greatest common factor of y and 64.
8
Let c be ((-1000)/6)/(-4)*-3. Let j be (13 - 16)*(-3010)/30. Let q = j + c. Calculate the highest common divisor of q and 4